= -3*d - 4*z + 204, a*d - 5*z - 196 = 0. Calculate the remainder when d is divided by 15.
14
Let i(n) = -n**2 + 16*n + 25. What is the remainder when 149 is divided by i(12)?
3
Calculate the remainder when 310 is divided by (-1014)/91*(-112)/24.
50
Let k(s) = s**2 - 3*s + 2. Let w be k(2). Suppose -6*h + h + 20 = w. Suppose -h*m + 7*m = 66. Calculate the remainder when 64 is divided by m.
20
Suppose 3*r - 3*u - 747 = 0, 2*r + 229 = 3*r - 5*u. What is the remainder when r is divided by 43?
39
Let z(t) = t**3 - 3*t**2 - t + 1. Let x be z(3). What is the remainder when (-1 - (x - -1)) + 49 is divided by ((-17)/(170/(-12)))/((-39)/(-845))?
23
Suppose 0*v = v. Let o(h) = 10 - 4 - h**2 + v*h**2 - 12*h. Calculate the remainder when o(-10) is divided by 9.
8
Let k = 35 + -31. Suppose k*b + 4 = -5*t - 9, 0 = 5*t - 5*b + 40. Let o = t + 21. What is the remainder when 44 is divided by o?
12
Let o = 128 + -86. What is the remainder when 6/(-4)*-4*(-1169)/(-42) is divided by o?
41
Let a be 44/11 - 77/7. Let z(u) be the third derivative of u**6/120 + u**5/6 + 3*u**4/8 + 7*u**3/6 + u**2. Calculate the remainder when z(a) is divided by 31.
29
Let g(c) = 48*c - 188. Calculate the remainder when g(12) is divided by 78.
76
Let f = 560 - 232. Calculate the remainder when f is divided by 42.
34
Let s be (-32)/12*-3*3/6. Suppose s*u - 3*u - 20 = 0. What is the remainder when 78 is divided by u?
18
Suppose 5*o = -2*b - b + 51, -3*o = -4*b + 39. Suppose -2*a = -0*a - 6. Suppose 51 = a*q - 84. Calculate the remainder when q is divided by b.
9
Let t = -7 + -147. What is the remainder when 123/11 - (-28)/t is divided by 3?
2
Let q = -134 - -238. Let j be -1*(-3 - 3/3). Suppose j*w - q = -0*w. Calculate the remainder when w is divided by 10.
6
Let n(a) = a**2 - 21*a + 45. Suppose -3*r + 0*r + 39 = 0. Calculate the remainder when r is divided by n(19).
6
Let l = 2955 + -2906. Suppose 0*h = -h + 10. What is the remainder when l is divided by h?
9
Let s = 12 - -3. Suppose -q - 2*y + 25 = 0, -7*q + 126 = -3*q - 5*y. Calculate the remainder when q is divided by s.
14
Let p = 5 - -3. Suppose -3*q + 6 = -3*u, 5*u + 3*q - 2*q - 20 = 0. Suppose -u*v = 3*g - 81, -2*g + 4*v + 27 = 3. Calculate the remainder when g is divided by p.
6
Let h(a) be the first derivative of -3 - 1/4*a**4 - 3/2*a**2 - 5*a + 2*a**3. What is the remainder when h(5) is divided by 2?
1
Let h = -97 - -178. Let x(g) = 13*g + 1. Let n be (-1)/(-5) + (-28)/(-35). Calculate the remainder when h is divided by x(n).
11
Let z(d) = -d**3 + 5*d**2 - 2*d + 8. Let r(p) = 10*p + 2. Let b be r(1). What is the remainder when z(4) is divided by (18/(-8))/((-3)/b)?
7
Suppose -65 - 21 = -4*x - b, -5*b = -x + 11. Calculate the remainder when 19 is divided by (-10)/(-15)*x/2.
5
Let n = 101 - 107. Let r = 20 + n. Calculate the remainder when 54 is divided by r.
12
Let j be (-1016)/(-18) - -16*(-15)/540. Suppose -3*t = -4*s + 33, -2*t = -3*s - 4*t + 46. Calculate the remainder when 1*j/s*3 is divided by 8.
6
Suppose -2*z + 215 = 2*w - 187, -4*z + 2*w + 804 = 0. Suppose z = m + 193. What is the remainder when (3 - 2) + 1 + 53 is divided by m?
7
Let f(s) = -s**3 + 18*s**2 + 21*s + 7. Calculate the remainder when 132 is divided by f(19).
42
Suppose -10 - 6 = -4*v. Suppose 4*j = 0, -5*y - 2*j = -v - 21. What is the remainder when y is divided by 2?
1
Let z = 471 - 778. Let d = z - -491. Let g = d - 102. What is the remainder when g is divided by 21?
19
Suppose -4*l + 17 = 137. What is the remainder when 23 is divided by (-408)/l + (-2)/(-5)?
9
Suppose 2*g + 15*l = 12*l + 29, g - 3*l - 37 = 0. Suppose -5*r + 295 - 100 = 0. Suppose -2*m + r = m. Calculate the remainder when g is divided by m.
9
Let u(w) = 2*w**3 - w**2 + 4*w - 3. Let t(g) = 28*g + 313. What is the remainder when u(2) is divided by t(-11)?
2
Suppose -100 = -3*n + 47. Let x = n - 38. Suppose j + d + 1 = 0, 4*j - 4*d - 32 = j. Calculate the remainder when x is divided by j.
3
Let m be (12/2)/(6 - 63/14). Suppose 2*r - 5*t - 95 = 17, r + m*t = 43. Calculate the remainder when r is divided by 13.
12
Let d be 7/((-28)/12) + 3. Suppose 4*z - t = 223, d = -z - 2*z + 2*t + 171. What is the remainder when 108 is divided by z?
53
Let m(x) = x**3 + x**2 - 4*x + 22. Let g(v) = v**2 + 10*v + 9. Let o be g(-9). Calculate the remainder when 83 is divided by m(o).
17
Let q be ((-8)/(-4) - -2)/((-8)/300). Suppose 3*d + 3*m - 687 = 6*m, 4*d + 2*m - 934 = 0. Let h = q + d. What is the remainder when h is divided by 28?
26
Let z(c) = -c**3 - c**2 + 4*c + 3. Let g(a) = -a**2 + 9*a - 12. Suppose 0 = -w - 4*w + 40. Let m be g(w). What is the remainder when z(m) is divided by 18?
17
Let l(o) = -2*o**2 - 31*o - 93. Calculate the remainder when 39 is divided by l(-10).
5
Let w(b) = b**3 + 3*b**2 + 1. Let p be w(-3). Let f = 0 + 6. Let x = f - p. What is the remainder when 12 is divided by x?
2
Let o = -4 + 6. Suppose 0 = -3*q + o + 4. What is the remainder when 2/(-3) + 20/3 is divided by q?
0
Suppose -s = 3*q - 95, -3*s = 4*q - 41 - 79. Let n(b) = 22*b + 542. What is the remainder when q is divided by n(-24)?
5
Let b(y) = -y**2 + 10*y - 8 - y**2 + y**2. What is the remainder when 5/5*(6 + 0 + 57) is divided by b(6)?
15
Suppose -57 = -5*w - n + 306, 5*w - 351 = 3*n. Suppose 4*f = f + w. Suppose -11 = 23*m - f*m. Calculate the remainder when 32 is divided by m.
10
Let v(b) = b**2 - 4*b + 3. Suppose -2*f - n = 2*n - 19, 2*n = -5*f + 42. Calculate the remainder when v(f) is divided by 13.
9
Let z be ((-16)/40)/((4/95)/(-4)). Suppose 2*j - z = -3*c, -5*c - 5*j = -18 - 42. Calculate the remainder when 27 is divided by c.
13
Suppose -1 - 1 = 2*p. Let s = 3 + p. Let v(x) = 2*x**3 - 33*x**2 - 21*x + 70. Calculate the remainder when s is divided by v(17).
0
Let d(h) = 18*h - 6. Let b(w) = w - 4. Let u be b(7). Suppose -2*o + 0 = 3*k - 1, u*k - 13 = o. What is the remainder when d(k) is divided by 13?
9
Suppose a - 8 = h + 2*h, 4*a - 15 = -5*h. Let z = 19 + a. Calculate the remainder when z is divided by 14.
10
Let p(o) = o**3 + 44*o**2 + 37. Calculate the remainder when 220 is divided by p(-44).
35
Let a(q) = q**2 + 13*q - 17. Let m be (3 - (5 - 3))*47. Suppose -2*f + m + 27 = 0. What is the remainder when f is divided by a(-15)?
11
Let v = -1 - -4. Suppose v*r = -46 + 175. Suppose 84*y - 605 = 29*y. Calculate the remainder when r is divided by y.
10
Let t(p) = -p + 15. Let q be t(10). Suppose 0*d - q*r = 5*d - 5, 4*r + 6 = d. Calculate the remainder when 66 is divided by -3 - (1 - d) - -25.
20
What is the remainder when 12/(((-18)/152)/((-6)/4)) is divided by 77?
75
Let k = -937 - -1264. What is the remainder when k is divided by 9?
3
Let g(r) = 12*r**3 + 2*r. Calculate the remainder when g(1) is divided by 9.
5
Suppose 3*g + 1535 = 4*j, g = 2*j - 862 + 95. What is the remainder when j is divided by 48?
47
Let t(h) = 2*h**3 + 3*h**2 - 3*h + 2. What is the remainder when 105 is divided by t(1)?
1
Let o(v) = -7*v + 9. Calculate the remainder when 134 is divided by o(0).
8
Suppose -616 = 7*w - 14*w. Calculate the remainder when 965 is divided by w.
85
Suppose 6*h = 7*h - 5. Suppose 0 = -5*l + h*k + 20, -3*k = 2*k - 10. Calculate the remainder when 10 is divided by l.
4
Suppose -309 = 4*a - q + 4*q, 5*a - 3*q + 393 = 0. Let l = a + 102. What is the remainder when l is divided by 14?
10
Calculate the remainder when (36/(-15))/(((-255)/(-250))/(-17)) is divided by 5.
0
Let u(o) = -o**3 + 15*o**2 + 22. Let q(m) = m + 2. Let f = -7 + 13. Calculate the remainder when u(15) is divided by q(f).
6
Suppose 2618 = 5*m - 179*c + 178*c, -4*m + 2100 = 2*c. Calculate the remainder when m is divided by 16.
12
Let h(m) = -10*m - 6. Let r be h(11). Suppose 224 = 4*o - g, -3*o + 255 = 2*o + 5*g. What is the remainder when o is divided by 1*r/(-12)*3?
26
Let k(i) = -57*i**2 + 2*i - 1. Let s(b) = 114*b**2 - 5*b + 3. Let y(p) = -5*k(p) - 2*s(p). What is the remainder when 110 is divided by y(-1)?
54
Suppose 0 = 2*c + 6, c + 28 = 2*u + 3*u. What is the remainder when (-1 + -35)*5/(-10) is divided by u?
3
Let g be (-2)/((-2)/(-4) - 0). Let t = g - 9. Let n = t - -67. What is the remainder when n is divided by 14?
12
Suppose 4*o + 5*n = 224, -o + 56 = -258*n + 261*n. Calculate the remainder when 75 is divided by o.
19
Let n = 